 59
Let a(h) = 3*h + 7. Let s be a(-3). Let g be (-4 - s)*(87 - 1). What are the prime factors of (9/18)/((-2)/g)?
43
Let b be (-65)/20 - -4 - 15/4. What are the prime factors of (-211 + (b - -5))/(-1)?
11, 19
Suppose -u = v - 1042, -2783 + 705 = -2*v - 4*u. List the prime factors of v.
5, 11, 19
Suppose 8*k - 20464 - 5368 = 0. What are the prime factors of k?
3229
Suppose 3*i - q = q + 31, 56 = 4*i + q. Let w = i - 9. Suppose 6*u - u + 5*a - 280 = 0, 0 = w*u - 5*a - 206. What are the prime factors of u?
2, 3
Let m = 626 - 1403. Let b = 1089 + m. Suppose b = h + 3*h. What are the prime factors of h?
2, 3, 13
Suppose -16 = -5*f + 4, 0 = -5*s - 5*f + 1885. What are the prime factors of s?
373
Let y be 3 - ((-6)/3 + 2). Suppose -2*c - 5*q = 10, 0*c = -y*c - 3*q - 6. List the prime factors of (2 - c)/(-2) - -22.
3, 7
Suppose 0 = -3*z + 5*z + 2. Let o(v) = 41*v**2 - v - 2. Let y(g) = 81*g**2 - 2*g - 5. Let i(k) = 7*o(k) - 3*y(k). List the prime factors of i(z).
2, 23
Let r = -504 - -1876. List the prime factors of r.
2, 7
Let q(s) = -20*s**3 - s**2 + s - 1. Let g be q(1). Let n = g - -19. What are the prime factors of 1 + 5 + n + -1?
3
Let z(n) = 164*n**2 + 1. Let m be 9 + -10 - -2*1. List the prime factors of z(m).
3, 5, 11
Let v be (-749)/14 - (10/(-4) + 3). Let j(i) = -i**3 + 10*i**2 - 8*i - 3. Let p be j(6). Let f = v + p. List the prime factors of f.
3, 13
Let y = 5 - 4. Let l = 66 - y. Let h = -45 + l. List the prime factors of h.
2, 5
Suppose o + 2 = 0, 3*w - 2*o - 8 = w. Let h be ((-7)/3 + 4)*3. Suppose 0 = b - h*n - 2, -w*b + n = 1 - 5. List the prime factors of b.
2
Let w(q) = -7*q - 3. Let n(k) = k**2 - 8*k - 2. Let c(t) = 4*n(t) - 5*w(t). What are the prime factors of c(-4)?
59
Let p = -308 - -1583. What are the prime factors of p/20 + (-1)/(-1*4)?
2
Let r(p) be the third derivative of p**4/24 - 7*p**3/6 - 2*p**2. What are the prime factors of r(14)?
7
Let n be (-1 - 1)*(-161)/(-14). Let b = -37 - -19. Let v = b - n. What are the prime factors of v?
5
Suppose -z + 8 = z. Let k(j) = -17*j + 2. Let f be k(-4). Suppose -z*g = g - f. List the prime factors of g.
2, 7
Suppose 4*t + 30 = 10*t. What are the prime factors of 3 - (0/t + 0)?
3
Let g = -110 - -115. Suppose -2*n + 294 = g*h, -3*n + 4*h + 100 = -387. What are the prime factors of n?
157
Let d(y) = 126*y**2. Let p be d(1). Suppose p = 14*w - 11*w. List the prime factors of w.
2, 3, 7
Suppose 1 = v, 3*b - v + 16 + 12 = 0. What are the prime factors of (-36)/b + 68/1?
2, 3
What are the prime factors of (-3)/5 - ((-21428)/55 - 4)?
3, 131
Let d(c) = c**2 - 15*c + 11. Let x be d(13). Let b be 24/x*15/2. What are the prime factors of (-56)/b - 2/3?
2
Suppose -95864 = -39*f + 127723. List the prime factors of f.
3, 7, 13
Suppose -840 = -128*p + 116*p. List the prime factors of p.
2, 5, 7
Let y be ((-2)/4)/(2/(-28)). Let o(a) be the first derivative of -a**4/4 + 3*a**3 - 5*a**2/2 - a - 366. What are the prime factors of o(y)?
2, 31
Let f(j) = 11*j - j**2 + 1 + 2 + 2 + 2*j**2. Let h = -14 - -3. List the prime factors of f(h).
5
Let m = 1486 + -837. What are the prime factors of m?
11, 59
Let j = 73 + 107. Let x be ((-3)/(-6))/(3/j). Suppose x = 4*p - 78. What are the prime factors of p?
3
Let g = -38 + 38. Suppose -2*m = -2*s + 3*s - 56, g = 2*m - 4. List the prime factors of s.
2, 13
What are the prime factors of (62 + -88)*590/(-4)?
5, 13, 59
Suppose 3*q - 3*f = 378, -94 - 35 = -q + 2*f. Suppose 5*x + q = 2*b, 0 = x - 0*x - 3. List the prime factors of b.
3, 23
Let l(n) = n**3 + 6*n**2 + 11*n - 8. What are the prime factors of l(9)?
2, 653
Let x(h) = 2*h - 15. Let n be x(9). Suppose n*i + i - 200 = 0. What are the prime factors of i?
2, 5
Let c(g) = -g**2 + 8*g - 8. Let s be c(9). Let z = -9 - s. Let y = z - 2. What are the prime factors of y?
2, 3
Let j(g) = -g**3 - 6*g**2 - g + 2. Let o be j(-6). Suppose -o*h - 4 = -10*h. List the prime factors of (8/(-12))/(h/(-51)).
17
Let f(k) = 2*k**2 - 13*k + 15. Let p be f(7). Let a = -10 + p. What are the prime factors of a/(255/80 + -3)?
2
Let t = -28 - -42. Let q = -6 + t. What are the prime factors of q?
2
Let l = 826 - 585. Suppose -4*o - 86 = 3*i - l, -i + 2*o + 45 = 0. List the prime factors of i.
7
Let u(s) = -2*s - 59. Let t be u(-16). Let g = t - -141. What are the prime factors of g?
2, 3, 19
Let a be (-7)/((-21)/(-3)) + (-1 - 6). What are the prime factors of (-3412)/(-14) + ((-80)/35)/a?
2, 61
Suppose 22*j - 25110 = 1268. What are the prime factors of j?
11, 109
Suppose 2*z - 8 = 3*z. What are the prime factors of z/44 - (-3240)/33?
2, 7
What are the prime factors of (18 + -19)*(-353 + -1)?
2, 3, 59
Suppose 16*d = 13*d. Suppose d*o - 15*o + 1875 = 0. List the prime factors of o.
5
Suppose -9*h + 740 + 6262 = 0. List the prime factors of h.
2, 389
Suppose 93*r - 53536 = 62342. List the prime factors of r.
2, 7, 89
Suppose -5*o + 2*d = -1414, 67 = -2*o + 4*d + 639. What are the prime factors of o?
2, 3, 47
Let v(j) be the third derivative of -j**6/120 - j**5/5 - j**4/2 + j**3/2 + j**2 + 19*j. List the prime factors of v(-11).
2, 7
Let m = 115 + -84. Suppose -2*c - m = -443. List the prime factors of c.
2, 103
Suppose -1190*a = -1187*a - 5247. List the prime factors of a.
3, 11, 53
Let o be 1 - (3 - 5) - 1. Let k be (16/5)/(1/10). Suppose 4*u + 12 = 0, 0*j + k = j - o*u. List the prime factors of j.
2, 13
Let n be 9/12 + 210/8 + 2. List the prime factors of (n + 1)/(26/(-16) - -2).
2, 5
Suppose -4*w + 4196 = -4*t, -27*w + 30*w - 4*t = 3142. List the prime factors of w.
2, 17, 31
Suppose 0 = 2*p - 0*p - 6. Suppose s - 2*s = -2, -p*j + 4*s = -25. Suppose -j = -0*o - o. List the prime factors of o.
11
Suppose 3*d - 5*n + 0*n = -161, -230 = 4*d + n. Let b(h) = -8*h - 6. Let m be b(2). Let s = m - d. What are the prime factors of s?
5, 7
Let n(r) = r - 1. Let l(d) = 2*d - 1. Let k be 16/36*-3*3. Let h(p) = k*n(p) + 4*l(p). What are the prime factors of h(11)?
2, 11
Let k = 1 - -9. Suppose 0*u - 4*a + k = -3*u, 3*u = -5*a + 26. Suppose u*n + 3*m - 66 = 5*m, -5*m - 137 = -4*n. What are the prime factors of n?
2, 7
Let t(l) = -l**3 + 5*l**2 + l - 2. Let v be t(5). Let y(k) = -2*k**2 - 4*k - 5. Let p(b) = b + 1. Let w(f) = -2*p(f) - y(f). List the prime factors of w(v).
3
Let r be (-6 + 2)*1/(-2). Let z(i) = 2*i**2 - i - 4. Let x be z(r). What are the prime factors of x/(-4) - (-39)/6?
2, 3
Suppose -20 = -4*h + 4. Suppose -3*j + 183 = -s, -44 = -j + 4*s + h. What are the prime factors of j?
2, 31
Let c(j) = 4*j**2 + 5*j + 4. Suppose 6 + 6 = -3*b. What are the prime factors of c(b)?
2, 3
Let k = 119 - 116. List the prime factors of 2432/20 + (6/5)/k.
2, 61
Let i be 12/78 + (-360)/(-26). Suppose i = 5*h - 16. Let o = 26 - h. List the prime factors of o.
2, 5
Let c(u) = -2*u + 10. Let g be c(0). Let h be 1/(g/6)*65. Let s = h - 18. What are the prime factors of s?
3, 7
Let n = -298 + 1591. What are the prime factors of n?
3, 431
Let d be ((-94)/4)/(1/(-2)). Let b be 6/((-2)/(-1))*8/(-12). What are the prime factors of (d/b)/(5/(-10))?
47
Let k be 10 - ((-12)/(-15))/((-4)/(-10)). Let i(l) = l**2 - 3*l + 7. What are the prime factors of i(k)?
47
Let k be (-270)/75*(-10)/4. Suppose -k*a = -a - 1176. What are the prime factors of a?
3, 7
Let y be (6/((-10)/5))/(-1). Suppose 4*n + 2*t - 3 = y, n + 3 = -5*t. Suppose p = -p - 4*g + 124, n*g = -2*p + 120. List the prime factors of p.
2, 29
Let y be (3 + 9 - 3)/1. Let t(b) = -b - 7*b + 5*b**3 - 6*b**3 + y - 2*b + 10*b**2. What are the prime factors of t(8)?
3, 19
Let o be (-8)/(1 + 3) + -32. Let f = -12 - o. Let r = 37 - f. List the prime factors of r.
3, 5
List the prime factors of 352 - 2/5*(-10)/4.
353
List the prime factors of ((-33)/(-2) - 0)/(21/308).
2, 11
Let l = 6 - 5. Let k be (13 - 0) + (4 - l). Suppose -5*n + k = -39. List the prime factors of n.
11
Let u be 10/(-6)*(-18 + 15). Let b = 24 + u. What are the prime factors of b?
29
Let m be -1 + 1 + -4 + -68. Let o = 29 - m. Suppose -2*p - 4*d + 74 + 52 = 0, d = 2*p - o. What are the prime factors of p?
53
Let y(d) = 4*d**2 + 12*d + 16. Let r be y(-7). Let o = 272 - r. Suppose 0*h - o = -3*h. List the prime factors of h.
2, 3
Let s(q) = 5*q**2 - 1. Let n be s(-1). Suppose n*l = l + 132. Let j = -26 + l. What are the prime factors of j?
2, 3
Suppo